e 2*a + 4 = -4*w, 2*w - 5*w - a = 2. Suppose w = -5*g + 21 + 54. What are the prime factors of g?
3, 5
Suppose -36 = t + 3*t. Let b = t + 33. List the prime factors of b.
2, 3
Suppose 0 = -b + 4, 115 = 3*g + 2*b - 31. What are the prime factors of g?
2, 23
Let z(y) = -33*y**3 + y**2 + 2*y + 1. What are the prime factors of z(-1)?
3, 11
Let q = 72 - 36. List the prime factors of q.
2, 3
Let u(t) = -t**3 + 7*t**2 - 4*t - 8. Let a be u(6). Let j = a + 5. List the prime factors of j.
3
Let r = -43 - -94. List the prime factors of r.
3, 17
Suppose 3*t + 10 - 29 = -l, t = -l + 9. Let u(m) = 23*m - 1. Let q be u(l). List the prime factors of (q/14)/((-2)/(-4)).
13
Suppose -6*x + 3*x + 15 = 0. Let v be (1/(-3))/((-1)/21). Suppose -x*b = -3*i - v, 0*i - 2*i = -5*b + 13. List the prime factors of i.
2, 3
Let n = 3 - 3. Suppose n*g = g - 23. What are the prime factors of g?
23
Let n(k) = 2*k**2 + 7*k - 3. Suppose 0 = -0*z + 4*z + 24. What are the prime factors of n(z)?
3
Suppose 2*p - 64 - 4 = -4*j, 0 = -5*p. Suppose 2*w = 3*w - j. List the prime factors of w.
17
What are the prime factors of (-4 + 3 - -4 - 3) + 150?
2, 3, 5
Let f(z) = -z - 2. Let y be f(-7). Suppose 0 = -4*u - 3*n + 42, 34 = 3*u + y*n - 4*n. Suppose -u = -3*c + 2*c. List the prime factors of c.
2, 3
Let r be (14/5 + -2)*5. Suppose 4 = -2*c + r*c. Suppose c*a + 3 = 27. What are the prime factors of a?
2, 3
Suppose 0 = -2*u - 0*u + 6. Let r = -1 + u. List the prime factors of r.
2
Let y(u) = -4*u**3 - 12*u**2 - u - 22. Let p(o) = o**3 + 4*o**2 + 7. Let w(b) = -7*p(b) - 2*y(b). Let j = -3 + 7. List the prime factors of w(j).
3
Suppose 5*q - 95 = 3*q - l, -3*q + 3*l = -147. List the prime factors of q.
2, 3
Let f = 165 - 112. Suppose f = 5*r - 4*x, 2*x = 3*r + 11 - 44. What are the prime factors of r?
13
Suppose 3*c + 2*c + 5 = 0. Suppose s - 4*s + p - 5 = 0, s - 2*p = -10. What are the prime factors of (c - (s - 0))*-5?
5
Let y = -13 + -2. Let o = 25 + y. List the prime factors of o.
2, 5
Let p(a) = -a**3 - 6*a**2 - 4. Let c be p(-6). What are the prime factors of 4*((-9)/c - -3)?
3, 7
Suppose -76 = -5*y + y. Let s = -13 + y. List the prime factors of s.
2, 3
Let r be 2/(-9) + (-20)/(-9). Suppose r*v + 8 = 0, v + 48 = 2*t - 0*v. Suppose 3*l + 0*l = -n + t, -4*n - 2*l = -58. List the prime factors of n.
13
Let o(d) = 11*d + 2. Let v be o(-2). List the prime factors of (-5)/(-2) - (-10)/v.
2
Let y(u) = -u**2 + 4*u - 8. Let r(k) = k**2 - 5*k + 8. Let w(f) = 3*r(f) + 2*y(f). What are the prime factors of w(9)?
2, 13
List the prime factors of (6 + -4)/((-2)/(-10)).
2, 5
Let b be (-4)/6 - 75/9. What are the prime factors of (3/2)/(b/(-84))?
2, 7
Let t(c) = -2*c**3 + 21*c**2 + c + 3. What are the prime factors of t(10)?
113
Let l(b) = -3*b - 1. Let z(d) be the first derivative of -d**2/2 - d + 2. Let w(h) = -2*l(h) + 5*z(h). What are the prime factors of w(5)?
2
Let z = -128 - -190. Suppose -z = -4*w + 14. List the prime factors of w.
19
Suppose 4*u + 11 = 2*g - 9, -32 = -5*g + 4*u. Suppose 6*d = g*d. Let s = 3 - d. What are the prime factors of s?
3
Let u(z) = 3*z + 4. Let g = -2 - -6. What are the prime factors of u(g)?
2
Let l = -8 + 56. List the prime factors of l.
2, 3
Suppose -4*s = -2*f + 122, 0 = 2*f + 3*s - 8*s - 121. What are the prime factors of f?
3, 7
What are the prime factors of (-2)/5 - 234/(-10)?
23
Let b(h) = -h**3 - h**2 + 2*h + 2. Let z be b(-2). Suppose 0*u = 2*j + u - 15, z*u + 42 = 5*j. What are the prime factors of j?
2
What are the prime factors of 2 + 2 + (-404)/(-4)?
3, 5, 7
What are the prime factors of 394/8 + (-3)/12?
7
Let q(b) = -b**2 - 21*b - 4. Let t be q(-9). Suppose -f = 4*s - t, 0*s + f = s - 26. List the prime factors of s.
2, 13
Suppose 2*a - 3*a + 3*n + 74 = 0, 218 = 3*a - 5*n. What are the prime factors of a?
71
Suppose -204 - 164 = -8*q. List the prime factors of q.
2, 23
Suppose 7*k - 2*k = 0. Let d(h) = 2*h**2 - h - 1. Let n be d(2). Suppose -f = -3*y, k = 2*f - 2*y - 3 - n. What are the prime factors of f?
2, 3
Let b be 56/(-9) + (-10)/(-45). Let f = 2 + b. Let n = f + 11. What are the prime factors of n?
7
What are the prime factors of 4/(-24) - 481/(-6)?
2, 5
Suppose -z = 5*d - 21, -3*z = -3*d - d + 13. List the prime factors of (0 - 3)*z + 5.
2
Let i be (-1 - 1) + (-64)/(-1). Let k = i + -34. List the prime factors of k.
2, 7
Let r be 0*((-4)/(-3))/(-4). Let x be 3 + (r - 1) + -2. List the prime factors of (-1)/(3/(-15)) - x.
5
Let c be -8 - (0 + 2) - -2. Let i(g) be the second derivative of -g**3/6 + g. List the prime factors of i(c).
2
Suppose -5*b - 3*j - 4 = -7*j, 16 = -5*b + j. Let q be (-2)/b + 3/(-6). Suppose -29 = -4*n - q*n + 3*c, -n = c - 9. What are the prime factors of n?
2
Let l(t) = -t**3 + 11*t**2 - 8*t - 13. Let c be l(10). Suppose -2*p = -c*p + 30. What are the prime factors of p?
2, 3
Let i = 6 - 0. Let j = 2 + i. What are the prime factors of j?
2
Suppose -3*s = -5*s + 90. Suppose 0*g - 3*g = -s. What are the prime factors of g?
3, 5
Suppose -4*s + 44 = 4*y, -3*y + y + s = -34. Let r be (-8)/12*y/(-1). Let j(u) = -u**3 + 9*u**2 + 10*u + 12. List the prime factors of j(r).
2, 3
Let d(c) = 31*c**2 + 3*c + 2. What are the prime factors of d(-1)?
2, 3, 5
What are the prime factors of 195/1 - (-13)/(-13)?
2, 97
Suppose -110 = -5*j - 10. What are the prime factors of j?
2, 5
Let c(l) = 2*l - 19 + 4 + 7. Let h be c(6). Suppose -5*m = -5*t + 75, 30 = -3*t + h*t - 4*m. List the prime factors of t.
2, 5
Suppose -3*q - 18 = -6*q. Suppose q*r - 15 = r. What are the prime factors of r?
3
Let a be 1*(-3 - -4)*0. Let y(p) = -p**3 + 2*p**2 - p + 37. List the prime factors of y(a).
37
Let f(i) = i**2 + 3*i + 1. Suppose 3*o = -0 + 9. Let l be f(o). Let g = l + -13. List the prime factors of g.
2, 3
Let m(q) = q**3 + q. Let p be m(1). Let o(s) = 17*s - 2. Let z be o(p). Suppose -4*b + 2*b = -z. What are the prime factors of b?
2
Let y(o) = -o**2 + 7*o - 2. Let v(d) = -2*d**2 + 7*d - 2. Let f(i) = 2*v(i) - 3*y(i). List the prime factors of f(-6).
2
Let n = -20 - -19. Suppose -5*s + 16 = 8*q - 4*q, 3*q - 4*s = 43. Let g = q + n. What are the prime factors of g?
2
Let r = 274 - 118. What are the prime factors of r?
2, 3, 13
Let d = 23 + 29. Suppose 0 = 2*t - 6*t + d. What are the prime factors of t?
13
Let p = 925 - -908. Suppose -4*a + 4*c + 181 - p = 0, c - 5 = 0. List the prime factors of (-2)/(-3)*a/(-16).
17
Let g = -112 + 169. What are the prime factors of g?
3, 19
Let r = -6 - -1. Let z = r - -21. List the prime factors of z.
2
Let o = 12 + 28. What are the prime factors of o?
2, 5
Let q(d) = -2*d**2 - 4*d - 3. Let a be q(-2). Let i = a + 6. What are the prime factors of i?
3
Let f(c) = -26*c. Let v be f(-6). Suppose 3*r + r = -3*m + v, 3*r - 110 = -4*m. What are the prime factors of 16/7 - 12/r?
2
Suppose -123 + 45 = 3*w. Let d = -15 - w. List the prime factors of d.
11
Let d(w) = -10*w + 1. Let x be d(1). Let t be x/7 - 6/(-21). Let m(i) = -7*i. What are the prime factors of m(t)?
7
Let w = 41 - 23. List the prime factors of w.
2, 3
Let y(g) = -g**2 - 5*g - 6. Let i be y(-4). Let r(o) = -4*o - 1. What are the prime factors of r(i)?
7
Suppose -44 = 5*c + o, -2*o + 7*o - 23 = 2*c. Let m = 17 + c. Let j = m - 4. List the prime factors of j.
2
Let i = -63 - -130. List the prime factors of i.
67
Let z(o) = -o**3 - 8*o**2 - 7*o + 21. List the prime factors of z(-9).
3, 5, 11
Suppose 0 = 3*t - 2*t. Suppose u - 19 = -t*u. What are the prime factors of u?
19
Let b(o) = -o - 11. Let m be b(-12). List the prime factors of 9 + (m - (-3 - -3)).
2, 5
Suppose -7*s + 2*s + 265 = 0. What are the prime factors of s?
53
Let u(h) = h**2 + 15. What are the prime factors of u(0)?
3, 5
Suppose -5*a + 144 + 461 = 0. List the prime factors of a.
11
Suppose -p + 5*a = a - 8, 2 = 2*a. Suppose 3*v = 2*t + p, -2*v + 8 = t + 2*t. What are the prime factors of v?
2
Suppose -2*c + 37 + 3 = 0. What are the prime factors of c?
2, 5
List the prime factors of (-4)/(-22) - (-870)/55.
2
Let v be 2/(-4) + (-116)/(-8). Suppose 5*s = -4*t + 26 + v, 0 = -4*t. List the prime factors of s.
2
Let z = 5 - -4. Suppose 3*h - 48 = -z. What are the prime factors of h?
13
Let y = -6 + 1. Let t(n) = -n + 1. Let u be t(y). Suppose -u*x + 4*x + 24 = 0. List the prime factors of x.
2, 3
Suppo